
Let h(r) = 65*r**2 + r - 1. Is h(-2) a composite number?
False
Let b(w) be the second derivative of -w**4/12 + 13*w**3/6 + w**2/2 - 5*w. Is b(9) a prime number?
True
Let p(f) = -4*f + 6*f + 2 - 3*f. Let k be p(6). Is 6/(-3)*26/k a composite number?
False
Suppose 2*q + 5257 = 3*q. Is q prime?
False
Suppose -431 = -2*v + 263. Is v/(-3 + (-8)/(-2)) a composite number?
False
Suppose h = -i + 196, i - 2*h = h + 176. Is i a prime number?
True
Let v = -70 + 327. Is v a prime number?
True
Is (-6908)/(-20) + 6/10 a prime number?
False
Let o(m) = 2*m**2 - 4*m + 5. Is o(6) prime?
True
Let f(t) = t**3 - 5*t**2 + 9*t - 25. Is f(12) a composite number?
False
Let r be ((-30)/8)/(2/(-8)). Let g = r - 7. Is (-1)/4 + 202/g a prime number?
False
Let b = 19 + -10. Let r(x) = 3*x - 13. Let f be r(b). Is f*(2 + (-3)/(-2)) a composite number?
True
Let b = -8 + 10. Suppose 0 = -v + b*h + 16, 6*h - 2*h + 62 = 5*v. Is v prime?
False
Let z = -180 - -1573. Is z composite?
True
Suppose -a + 25 = -88. Is a prime?
True
Suppose 48 = g - 881. Is g a prime number?
True
Let y(n) = -126*n - 12. Let d be y(-6). Suppose -4*m = -5*r - d, m + m - 5*r - 362 = 0. Is m prime?
True
Let u(f) = f**3 - 5*f**2 - f - 7. Let o(n) = -n**3 + 6*n**2 + 2*n + 8. Let d(k) = -3*o(k) - 4*u(k). Is d(-3) composite?
True
Let i = -21 + 19. Is (14/(-21))/(i/1257) a composite number?
False
Let v be 2/((-1)/(10/4)). Let w be 4/(-6)*(v + -1). Suppose 3*o = -j + 42, o + w*o - 70 = -3*j. Is o a prime number?
False
Let k = -55 - -324. Suppose x - 5*i = 54 + 25, -3*x + k = i. Is x composite?
False
Let t = -151 + 90. Let r = t + 98. Is r prime?
True
Let b(d) = -63*d + 5. Suppose -4*m - 3*p = -8*p + 16, 20 = -5*m + 5*p. Is b(m) prime?
True
Is (-16911)/(-45) + -2 + 8/(-10) a prime number?
True
Let c(g) = -g**2 + 8*g - 5. Let v be c(7). Let d(y) = 102*y - 1. Is d(v) a prime number?
False
Suppose -2*c + 3*f = -4123 + 954, 1584 = c - f. Is c a composite number?
False
Let l = -1 - -2. Is 0 - (-46 - (2 - l)) prime?
True
Suppose 2*n - x - 3146 = -5*x, 3*x - 7858 = -5*n. Is n a composite number?
False
Let l(x) = x**3 - 6*x**2 + 5*x + 7. Suppose -4*j = n - 20, 2*j - 3 = 5*n + 7. Is l(j) composite?
False
Let y(d) = -38*d + 1. Let r be y(-7). Suppose 4 = -3*g + 2*g - 2*n, -5*g + n = -13. Suppose -g*i + r = -x, -i - 30 = 2*x - 161. Is i composite?
True
Let a = -162 - -279. Suppose -i - g + a = 29, 4*i - g - 347 = 0. Is i a composite number?
True
Let v = -5 + 8. Suppose -237 = -v*d + 5*f, f = -2*d - f + 142. Is d a composite number?
True
Let p = 2 + 2. Suppose -p*i + 732 - 3 = 5*g, 0 = 4*g - 5*i - 575. Is g prime?
False
Let o = 15 + -131. Let x = o - -41. Let v = x - -154. Is v prime?
True
Let t(f) be the first derivative of -f**2/2 + 79*f + 1. Let a be 2/(-8) + (-5)/(-20). Is t(a) a composite number?
False
Suppose -315 - 258 = -i. Is i composite?
True
Suppose -2*j = -k - 819, 0 = -j - k + 221 + 187. Is j a composite number?
False
Suppose 0 = 7*o - 4*o - 402. Is o a composite number?
True
Let t be (-3)/(0/2 + 1). Let u(x) = -x**3 - 3*x**2 - 2*x - 3. Let b be u(t). Suppose -2*j = g - 5*j - 25, -b*j = 6. Is g composite?
False
Suppose -4*d = 4*d - 1736. Is d a prime number?
False
Suppose -3288 = -3*r + 2*q - 431, -r + 958 = 5*q. Is r prime?
True
Let b be 7*(-69)/6*2. Let g = -50 - b. Is g a composite number?
True
Let c = 332 + -25. Is c a prime number?
True
Let f = 1 + -4. Let h be 4/((-9)/f + -4). Is 30/h*(-10)/3 a prime number?
False
Let g = -70 - 23. Let s = 52 - g. Is s prime?
False
Let u = 2000 - 1387. Is u prime?
True
Let c(a) = -8 + 19 + a**2 + 15 + a. Is c(0) composite?
True
Let p(z) = -4*z + 5. Let l(s) = -s**3 + 7*s**2 - 8*s + 7. Let u be l(6). Is p(u) a prime number?
False
Suppose -5*v = 29 + 1. Let u be 3/((-1)/284*v). Let t = u + -27. Is t prime?
False
Suppose 0*t = t + 2, 0 = -4*s + t + 378. Is s a prime number?
False
Let i = 254 - 136. Is (i/1)/(-1 + 3) prime?
True
Let g = 3 + -8. Let s(i) = i**2 - i + 5. Is s(g) composite?
True
Suppose n + 155 = 5*s - 4*n, -n = 0. Suppose 2*p - 131 = -s. Let j = p + -36. Is j a prime number?
False
Let l(o) = -o**3 - o**2 - o - 1910. Let d be l(0). Is 2*(d/(-4))/5 a prime number?
True
Suppose 844 = 3*q + q. Is q a composite number?
False
Let p = 2 - 0. Suppose -853 = -v - 3*z, 2*z = v + v - 1698. Suppose -3*d = -p*w + v, 4*w + 0*w - 1688 = 3*d. Is w composite?
False
Let u = 3473 + -2424. Is u a composite number?
False
Let j(o) = 5*o**3 - o**2 + 3*o - 4. Is j(3) composite?
False
Let c(z) = 48*z**2 + 2*z + 1. Suppose -2*y + y - 7 = 2*f, -y = -4*f - 11. Is c(y) prime?
True
Let t(w) = 119*w**2 - 4*w. Let g be t(3). Suppose 5*v = -2*n + 1093, -5*v + g = 4*n - 42. Is v a composite number?
True
Suppose -4*t + 1264 = 2*d, 0 = -5*t - 2*d - 2*d + 1577. Is t composite?
False
Suppose -3*f + 131 + 1130 = -4*h, -5*f + 4*h + 2091 = 0. Is f a prime number?
False
Let i(o) = -3*o + 1. Let n be i(2). Let f(j) be the second derivative of j**5/20 + j**4/2 + j**3/6 - 3*j**2 - j. Is f(n) prime?
False
Let a = -58 - -157. Suppose 10 = -c + a. Is c a composite number?
False
Suppose 3*z = -z + 68. Let x = -12 + z. Suppose 0 = -2*k - 2*f + 178, 6*k = 3*k - x*f + 263. Is k prime?
False
Let h = -255 - -572. Is h a composite number?
False
Let r = -2 - -2. Suppose r = -0*j + j - 125. Suppose -3*w = 2*w - j. Is w composite?
True
Let k = -9 - -104. Is k prime?
False
Let w(d) = 29*d - 31. Is w(10) a composite number?
True
Let d(j) be the third derivative of j**6/360 + j**5/8 - j**4/8 - j**2. Let t(s) be the second derivative of d(s). Is t(11) prime?
True
Is (-12)/15*345/(-6) prime?
False
Let o(i) = -1. Let r(j) = -43*j + 6. Let z(y) = 4*o(y) - r(y). Is z(5) a composite number?
True
Let u(o) = o - 3. Let r be u(5). Let f be (3/(-5))/(r/(-10)). Suppose -4*j = -f*b + 91, 106 = 3*b - 5*j + 4*j. Is b prime?
True
Suppose 3*t - 158 = 1054. Let s = -193 + t. Is s a prime number?
True
Let k be -2 - -3 - 3 - -4. Is k - (-151 + 2 + 2) a prime number?
True
Suppose 5*p = 23 - 3. Let t(f) = 3*f**3 - 1. Let h be t(1). Suppose p*k = h*o + 126, -k - 105 = -4*k - 2*o. Is k a prime number?
False
Let a be (17 - 2)*(-1 - 0). Is (177/a)/(2/(-10)) a prime number?
True
Let o(m) be the first derivative of 34*m**3/3 + 5*m**2/2 + m + 3. Let f be o(4). Suppose -f = 3*h - 8*h. Is h a prime number?
True
Suppose -4*a + 139 = -5*u, -5*a + 127 + 19 = 3*u. Suppose d - 2*d = -a. Is d a prime number?
True
Suppose 2*u + 6 = 4*u. Let m be u/12 + 1/(-4). Suppose m = 3*c - 0*c - 153. Is c prime?
False
Let w be 8/3 - 1/(-3). Suppose -4*g - c = -152, 2*c = w*g - 48 - 66. Suppose -6*r + 4*r + g = 0. Is r a composite number?
False
Suppose 2*i - 3*i = 0. Let b(r) = -r**3 + 5*r**2 - 3*r + 1. Let t be b(4). Is i/(3 - t) - -23 a prime number?
True
Let p(m) = -55*m - 9. Is p(-10) prime?
True
Suppose 3 - 28 = -5*q. Suppose -4*n + 635 = q*f - 8*f, 0 = -5*n - 4*f + 817. Is n a prime number?
False
Is (5 - (-2 - -11))*2459/(-4) a composite number?
False
Let m(q) be the third derivative of q**5/20 + q**4/4 - 2*q**3/3 + 5*q**2. Is m(9) composite?
False
Let x = 6 + 38. Suppose -5*g + x = -g. Is g a composite number?
False
Suppose -4*v = 4*s + 12, -3*s = -2*v - v + 21. Suppose l + v = 0, 6*w - 2*w - 516 = 4*l. Is w a prime number?
True
Let f be ((-5)/10)/(1/(-4)). Let t be 10/(1*-2) + f. Is 1/((t*1)/(-105)) composite?
True
Suppose 5*y - 13091 = 13274. Is y prime?
True
Is 37/(4/(151 - 3)) composite?
True
Let a(x) = 4*x**3 + x - 1. Let s be a(2). Let y be s/9 - 6/9. Let b(i) = i**3 - 2*i**2 - i + 1. Is b(y) composite?
False
Let r = -5 - 0. Let l(q) = -q**3 - 3*q**2 - 6*q + 3. Is l(r) a composite number?
False
Let q = 178 - 93. Is q composite?
True
Let x = -109 - -192. Is x composite?
False
Suppose -5*c = -9718 - 8517. Is c a prime number?
False
Suppose -2*g = g - 9. Let c be (355/(-2))/(9/(-18)). Suppose -4*q - 3*r + c = 0, -2*r - 288 = -g*q + 3*r. Is q prime?
False
Suppose -4*w + 0*w = -1676. Is w a prime number?
True
Let b = 1175 + -771. Is 4/(-12) - b/(-6) a composite number?
False
Let f = 56 + -86. Is (1 - 0 - f)*1 a composite number?
False
Let d be 2/6 - 12201/(-9). Let o = -791 + d. Is o a composite number?
True
Let r = 3 - 8. Let l be (-3)/r + 2112/30. Suppose 0 = -2*f + 225 - l. Is f composite?
True
Let k = -13 + 30. Suppose 0 = 4*p - u - 9, -5*p - 2*u + 4 = -k